
List the prime factors of 1529.
11, 139
What are the prime factors of 33622?
2, 16811
List the prime factors of 75151.
223, 337
List the prime factors of 14251.
14251
What are the prime factors of 3619?
7, 11, 47
What are the prime factors of 4618?
2, 2309
What are the prime factors of 5736?
2, 3, 239
What are the prime factors of 2139?
3, 23, 31
What are the prime factors of 808?
2, 101
List the prime factors of 4633.
41, 113
What are the prime factors of 70978?
2, 23, 1543
List the prime factors of 3464.
2, 433
What are the prime factors of 28?
2, 7
What are the prime factors of 772?
2, 193
List the prime factors of 19622.
2, 9811
List the prime factors of 5728.
2, 179
List the prime factors of 8263.
8263
What are the prime factors of 4722?
2, 3, 787
What are the prime factors of 800?
2, 5
What are the prime factors of 639?
3, 71
What are the prime factors of 46567?
46567
List the prime factors of 4330.
2, 5, 433
List the prime factors of 18427.
18427
List the prime factors of 14955.
3, 5, 997
List the prime factors of 261.
3, 29
What are the prime factors of 49385?
5, 7, 17, 83
What are the prime factors of 127?
127
What are the prime factors of 7783?
43, 181
What are the prime factors of 1086?
2, 3, 181
List the prime factors of 3264.
2, 3, 17
List the prime factors of 51172.
2, 11, 1163
What are the prime factors of 1496?
2, 11, 17
List the prime factors of 37887.
3, 73, 173
What are the prime factors of 1178?
2, 19, 31
List the prime factors of 11017.
23, 479
What are the prime factors of 1932?
2, 3, 7, 23
List the prime factors of 2496.
2, 3, 13
What are the prime factors of 2123?
11, 193
What are the prime factors of 3296?
2, 103
List the prime factors of 3335.
5, 23, 29
What are the prime factors of 1289?
1289
What are the prime factors of 37877?
7, 773
What are the prime factors of 14699?
14699
List the prime factors of 29922.
2, 3, 4987
List the prime factors of 1957.
19, 103
What are the prime factors of 1281?
3, 7, 61
What are the prime factors of 3582?
2, 3, 199
List the prime factors of 2092.
2, 523
What are the prime factors of 2077?
31, 67
List the prime factors of 1982.
2, 991
What are the prime factors of 9415?
5, 7, 269
List the prime factors of 22431.
3, 7477
List the prime factors of 194.
2, 97
List the prime factors of 62575.
5, 2503
List the prime factors of 1722.
2, 3, 7, 41
What are the prime factors of 1468?
2, 367
What are the prime factors of 17970?
2, 3, 5, 599
List the prime factors of 25710.
2, 3, 5, 857
List the prime factors of 5683.
5683
What are the prime factors of 2451?
3, 19, 43
List the prime factors of 69165.
3, 5, 29, 53
What are the prime factors of 751?
751
What are the prime factors of 1011?
3, 337
What are the prime factors of 4054?
2, 2027
List the prime factors of 1768.
2, 13, 17
What are the prime factors of 724?
2, 181
What are the prime factors of 675?
3, 5
List the prime factors of 1315.
5, 263
List the prime factors of 626.
2, 313
What are the prime factors of 2150?
2, 5, 43
What are the prime factors of 684?
2, 3, 19
What are the prime factors of 4050?
2, 3, 5
What are the prime factors of 44878?
2, 19, 1181
List the prime factors of 28468.
2, 11, 647
What are the prime factors of 10973?
10973
What are the prime factors of 12838?
2, 7, 131
What are the prime factors of 597?
3, 199
What are the prime factors of 1121?
19, 59
List the prime factors of 6009.
3, 2003
What are the prime factors of 11671?
11, 1061
List the prime factors of 750.
2, 3, 5
What are the prime factors of 2716?
2, 7, 97
List the prime factors of 21702.
2, 3, 3617
What are the prime factors of 13986?
2, 3, 7, 37
List the prime factors of 15795.
3, 5, 13
What are the prime factors of 52616?
2, 6577
List the prime factors of 17691.
3, 5897
List the prime factors of 39818.
2, 43, 463
What are the prime factors of 2009?
7, 41
List the prime factors of 1503.
3, 167
What are the prime factors of 28146?
2, 3, 4691
What are the prime factors of 792?
2, 3, 11
What are the prime factors of 1183?
7, 13
List the prime factors of 25.
5
List the prime factors of 115.
5, 23
What are the prime factors of 754?
2, 13, 29
What are the prime factors of 10354?
2, 31, 167
List the prime factors of 12957.
3, 7, 617
List the prime factors of 30917.
43, 719
List the prime factors of 5434.
2, 11, 13, 19
List the prime factors of 10323.
3, 31, 37
What are the prime factors of 21074?
2, 41, 257
What are the prime factors of 963?
3, 107
List the prime factors of 132.
2, 3, 11
List the prime factors of 669.
3, 223
What are the prime factors of 58224?
2, 3, 1213
List the prime factors of 5864.
2, 733
List the prime factors of 25354.
2, 7, 1811
List the prime factors of 18277.
7, 373
List the prime factors of 11387.
59, 193
List the prime factors of 4011.
3, 7, 191
List the prime factors of 16756.
2, 59, 71
List the prime factors of 20032.
2, 313
List the prime factors of 13060.
2, 5, 653
What are the prime factors of 901?
17, 53
What are the prime factors of 10937?
10937
List the prime factors of 2150.
2, 5, 43
List the prime factors of 1447.
1447
List the prime factors of 7735.
5, 7, 13, 17
List the prime factors of 2824.
2, 353
List the prime factors of 11106.
2, 3, 617
List the prime factors of 94304.
2, 7, 421
What are the prime factors of 2136?
2, 3, 89
List the prime factors of 18.
2, 3
What are the prime factors of 3507?
3, 7, 167
What are the prime factors of 1165?
5, 233
List the prime factors of 24733.
24733
What are the prime factors of 1642?
2, 821
List the prime factors of 41283.
3, 11, 139
List the prime factors of 21065.
5, 11, 383
What are the prime factors of 2879?
2879
What are the prime factors of 13688?
2, 29, 59
List the prime factors of 3846.
2, 3, 641
What are the prime factors of 6448?
2, 13, 31
List the prime factors of 7637.
7, 1091
List the prime factors of 21476.
2, 7, 13, 59
List the prime factors of 49339.
49339
What are the prime factors of 9947?
7, 29
List the prime factors of 397.
397
List the prime factors of 36479.
36479
List the prime factors of 777.
3, 7, 37
List the prime factors of 361.
19
What are the prime factors of 424?
2, 53
List the prime factors of 21432.
2, 3, 19, 47
List the prime factors of 799.
17, 47
What are the prime factors of 391?
17, 23
What are the prime factors of 14290?
2, 5, 1429
What are the prime factors of 2958?
2, 3, 17, 29
What are the prime factors of 9137?
9137
What are the prime factors of 26728?
2, 13, 257
What are the prime factors of 7683?
3, 13, 197
What are the prime factors of 1001?
7, 11, 13
What are the prime factors of 60544?
2, 11, 43
List the prime factors of 15181.
17, 19, 47
What are the prime factors of 9492?
2, 3, 7, 113
List the prime factors of 8098.
2, 4049
List the prime factors of 155799.
3, 7, 2473
List the prime factors of 146683.
146683
What are the prime factors of 8104?
2, 1013
What are the prime factors of 1903?
11, 173
List the prime factors of 88000.
2, 5, 11
What are the prime factors of 3151?
23, 137
List the prime factors of 141751.
229, 619
What are the prime factors of 25149?
3, 83, 101
What are the prime factors of 27394?
2, 13697
List the prime factors of 4414.
2, 2207
What are the prime factors of 580?
2, 5, 29
List the prime factors of 76807.
89, 863
List the prime factors of 9281.
9281
What are the prime factors of 78319?
17, 271
What are the prime factors of 7491?
3, 11, 227
What are the prime factors of 23?
23
What are the prime factors of 1354?
2, 677
List the prime factors of 6478.
2, 41, 79
List the prime factors of 5895.
3, 5, 131
List the prime factors of 39274.
2, 73, 269
List the prime factors of 2793.
3, 7, 19
What are the prime factors of 115458?
2, 3, 7, 2749
List the prime factors of 21684.
2, 3, 13, 139
What are the prime factors of 8289?
3, 307
What are the prime factors of 3813?
3, 31, 41
What are the prime factors of 2054?
2, 13, 79
What are the prime factors of 35340?
2, 3, 5, 19, 31
List the prime factors of 64.
2
What are the prime factors of 8859?
3, 2953
What are the prime factors of 63737?
63737
What are the prime factors of 2369?
23, 103
What are the prime factors of 52244?
2, 37, 353
What are the prime factors of 61114?
2, 30557
List the prime factors of 1413.
3, 157
List the prime factors of 224.
2, 7
List the prime 